Is 728089951 composite?
False
Is 50173229 prime?
False
Is 23756289371 a prime number?
True
Is 1240368721 a composite number?
False
Is 55271562061 a composite number?
False
Is 11510002981 prime?
True
Is 20755877 a composite number?
False
Is 856481161 prime?
True
Is 191575203 composite?
True
Is 559273669 a prime number?
True
Is 31538575681 a prime number?
True
Is 213140945 composite?
True
Is 7506151539 prime?
False
Is 58963884899 a composite number?
False
Is 786378451 a prime number?
False
Is 74592811 prime?
False
Is 343886521 a composite number?
True
Is 47109525511 prime?
True
Is 45595041949 a composite number?
False
Is 1978205809 a prime number?
False
Is 501349003 prime?
False
Is 1676679911 composite?
True
Is 13758483047 composite?
True
Is 753204653 a composite number?
False
Is 3899862587 a prime number?
False
Is 187100233 composite?
False
Is 594214661 composite?
True
Is 2046660401 a composite number?
False
Is 65358022363 prime?
True
Is 7631888071 composite?
False
Is 10539822005 a prime number?
False
Is 27324153421 composite?
True
Is 506052692529 a composite number?
True
Is 26016865367 a prime number?
True
Is 1188791693 a prime number?
False
Is 1487639293 a composite number?
True
Is 12876422813 a prime number?
False
Is 1483193641 prime?
True
Is 11452660817 a composite number?
True
Is 47653513 a prime number?
False
Is 6574057411 a composite number?
False
Is 269069509 prime?
True
Is 1768364329 prime?
True
Is 42417383 a composite number?
False
Is 848622767 prime?
False
Is 59318228549 prime?
True
Is 7631782349 prime?
False
Is 949804721 a composite number?
False
Is 51405188827 composite?
True
Is 6594893333 composite?
True
Is 1444575991 a prime number?
False
Is 77044608626 a prime number?
False
Is 241379638681 composite?
True
Is 5559836047 a composite number?
False
Is 1627485919 prime?
True
Is 787076297 composite?
True
Is 99528917 a composite number?
False
Is 881500423 a prime number?
False
Is 2816862247 a prime number?
True
Is 3590791003 prime?
True
Is 497830857 prime?
False
Is 9842359129 a composite number?
False
Is 14999656907 composite?
True
Is 140096117 a composite number?
True
Is 7184320739 a prime number?
False
Is 7729376359 a prime number?
True
Is 4203734389 prime?
False
Is 65339788937 a composite number?
True
Is 3209190791 a prime number?
True
Is 851040914 a prime number?
False
Is 148599089047 a prime number?
True
Is 5573848993 prime?
True
Is 17659949963 a prime number?
True
Is 144045497 a composite number?
False
Is 2685113731 a prime number?
False
Is 5394279565 prime?
False
Is 6665739407 a prime number?
False
Is 366745411 a prime number?
True
Is 22761177329 prime?
False
Is 6942340049 composite?
False
Is 14043434117 prime?
True
Is 2165513893 composite?
True
Is 1966412387 a prime number?
False
Is 240701137 composite?
True
Is 3114142049 composite?
True
Is 21208129399 composite?
False
Is 648314399 composite?
False
Is 7025774579 prime?
False
Is 33478489529 a composite number?
True
Is 5326970263 a composite number?
False
Is 1128982031 prime?
True
Is 4736563079 a composite number?
False
Is 6801345997 a prime number?
True
Is 100573276561 prime?
False
Is 97519327 composite?
True
Is 1157709061 a composite number?
True
Is 11832874153 a prime number?
True
Is 20164759 prime?
False
Is 291857023 prime?
False
Is 12983761117 a composite number?
True
Is 1145305495 a prime number?
False
Is 396519377 a composite number?
False
Is 5252760529 composite?
False
Is 5465174581 a prime number?
False
Is 8460287789 a composite number?
False
Is 533288633 prime?
True
Is 8313565193 a composite number?
True
Is 4234326977 prime?
True
Is 304929151 a prime number?
True
Is 4516832819 composite?
False
Is 15639348941 composite?
True
Is 3417481351 prime?
True
Is 2691459373 prime?
False
Is 601819313 prime?
True
Is 202094357386 a composite number?
True
Is 1968422119 composite?
True
Is 2089182401 composite?
True
Is 7918543777 prime?
True
Is 12947293 composite?
False
Is 36403702543 a composite number?
True
Is 36489717871 a prime number?
True
Is 28239313163 a composite number?
False
Is 1258945837 prime?
True
Is 1008457907 composite?
False
Is 53975729413 prime?
False
Is 414782503 a prime number?
False
Is 1292144699 a composite number?
False
Is 3266969203 a composite number?
True
Is 163506546251 prime?
True
Is 2915799563 a prime number?
True
Is 9199282343 a prime number?
True
Is 6603978793 a composite number?
False
Is 3142333787 a prime number?
True
Is 3090008693 composite?
False
Is 5589390277 composite?
False
Is 1061707351 prime?
False
Is 22652591159 prime?
False
Is 32357920451 prime?
True
Is 38333735357 composite?
False
Is 84477829 a composite number?
False
Is 10810824119 a composite number?
True
Is 58247487449 a prime number?
False
Is 6135194833 prime?
True
Is 1725785597 prime?
True
Is 710055461 prime?
False
Is 199622821 a prime number?
True
Is 192687447 composite?
True
Is 4032664445 a prime number?
False
Is 750164423 composite?
True
Is 9410768971 a prime number?
False
Is 5725952999 a prime number?
False
Is 59974800337 composite?
False
Is 338604359 prime?
True
Is 4506481393 a prime number?
True
Is 3819022261 a prime number?
False
Is 19827522271 a composite number?
False
Is 217975334009 prime?
True
Is 545728289 a composite number?
True
Is 238254613231 a prime number?
True
Is 391101629 prime?
True
Is 1241116153 composite?
True
Is 739121651 a prime number?
False
Is 18228157 composite?
False
Is 866042251 composite?
False
Is 11311011935 a prime number?
False
Is 903263677 prime?
True
Is 445235681 composite?
True
Is 41434898377 prime?
False
Is 119268085523 prime?
True
Is 1026404549 a prime number?
True
Is 6883538333 a composite number?
True
Is 66633389 prime?
True
Is 2540373923 composite?
True
Is 2052142791 a prime number?
False
Is 8976706901 a prime number?
True
Is 5316356431 a composite number?
True
Is 5168275529 a composite number?
True
Is 8098754467 composite?
True
Is 37615713649 a composite number?
True
Is 31183440286 a composite number?
True
Is 128273107 a prime number?
False
Is 25160422267 prime?
False
Is 6554936767 composite?
False
Is 17478983339 a composite number?
True
Is 122677651 prime?
True
Is 4259106277 a composite number?
False
Is 8982493193 a prime number?
False
Is 220017546803 a prime number?
False
Is 169157447 a composite number?
False
Is 9436906937 composite?
True
Is 1093951109 composite?
False
Is 85369547899 a prime number?
True
Is 621804017 prime?
True
Is 3273141649 a composite number?
True
Is 23420174539 a composite number?
True
Is 1321554391 prime?
False
Is 52139200519 a prime number?
False
Is 114797214526 prime?
False
Is 489651251 a prime number?
True
Is 18261708961 a prime number?
True
Is 2685545999 prime?
True
Is 104036907641 a composite number?
False
Is 4433147 a prime number?
True
Is 17686574179 a composite number?
True
Is 22437562007 prime?
False
Is 467224349 a prime number?
False
Is 35346091673 composite?
False
Is 56770559 composite?
False
Is 8274401419 composite?
False
Is 6682489679 a prime number?
False
Is 60901152955 prime?
False
Is 3889231211 a prime number?
False
Is 154795117 a composite number?
True
Is 94915634783 a prime number?
False
Is 117656897 a prime number?
False
Is 32715274391 prime?
False
Is 53004526913 a composite number?
True
Is 27972665087 a composite number?
False
Is 2134520533 composite?
True
Is 8587784297 a composite number?
True
Is 3866363029 a prime number?
False
Is 26865414671 prime?
True
Is 52092800437 prime?
False
Is 398428159 prime?
True
Is 550709711 prime?
False
Is 22165102381 composite?
True
Is 1713487429 a composite number?
True
Is 373325137 a composite number?
True
Is 6299938877 a prime number?
False
Is 708847229 a composite number?
True
Is 625924295 composite?
True
Is 19288764491 a prime number?
False
Is 111681001907 a prime number?
False
Is 1589539027 prime?
True
Is 1440277717 a prime number?
True
Is 492690619 composite?
False
Is 49527179803 a composite number?
True
Is 201340361 a prime number?
True
Is 564100223 composite?
True
Is 747970477 composite?
False
Is 210496807333 composite?
False
Is 175130693 a prime number?
False
Is 20875756897 prime?
True
Is 250250939 composite?
False
Is 2905792333 composite?
True
Is 752300063 a prime number?
True
Is 482435147 composite?
False
Is 8210124133 prime?
False
Is 4538133566 prime?
Fals